t is the thousands digit of 451946759?
6
What is the thousands digit of 11475094?
5
What is the units digit of 56163259?
9
What is the ten millions digit of 7079866443?
7
What is the ten millions digit of 196008854?
9
What is the hundred millions digit of 464378992?
4
What is the ten millions digit of 7570475926?
7
What is the ten thousands digit of 331990534?
9
What is the tens digit of 22592790?
9
What is the hundred thousands digit of 2781049869?
0
What is the ten thousands digit of 509936762?
3
What is the hundreds digit of 201621537?
5
What is the units digit of 521632674?
4
What is the ten thousands digit of 6218092?
1
What is the hundreds digit of 51699325?
3
What is the millions digit of 455628137?
5
What is the hundreds digit of 418676012?
0
What is the hundred thousands digit of 13240685?
2
What is the units digit of 103001228?
8
What is the hundred thousands digit of 588132683?
1
What is the thousands digit of 252212537?
2
What is the ten thousands digit of 72914544?
1
What is the hundred thousands digit of 2406676?
4
What is the hundred thousands digit of 3144534089?
5
What is the millions digit of 1791075312?
1
What is the hundreds digit of 18328905?
9
What is the thousands digit of 285337038?
7
What is the ten millions digit of 57439587?
5
What is the units digit of 25357722?
2
What is the thousands digit of 103824147?
4
What is the hundreds digit of 1798840771?
7
What is the units digit of 21345644?
4
What is the units digit of 280676027?
7
What is the hundreds digit of 224212607?
6
What is the hundred thousands digit of 183922609?
9
What is the units digit of 1632137085?
5
What is the units digit of 3118664539?
9
What is the hundreds digit of 55883073?
0
What is the hundreds digit of 257275251?
2
What is the ten millions digit of 210657617?
1
What is the hundred thousands digit of 49207025?
2
What is the ten thousands digit of 24740525?
4
What is the hundred millions digit of 1965411061?
9
What is the units digit of 435293273?
3
What is the tens digit of 36279873?
7
What is the ten millions digit of 412369116?
1
What is the hundreds digit of 23123422?
4
What is the hundreds digit of 87410592?
5
What is the thousands digit of 52302421?
2
What is the billions digit of 1163856587?
1
What is the thousands digit of 2013843?
3
What is the thousands digit of 22839010?
9
What is the hundred thousands digit of 294073543?
0
What is the tens digit of 26050812?
1
What is the hundreds digit of 1350000650?
6
What is the units digit of 103860658?
8
What is the tens digit of 216159620?
2
What is the ten millions digit of 1615046768?
1
What is the hundreds digit of 81300299?
2
What is the ten millions digit of 315324708?
1
What is the millions digit of 1592657273?
2
What is the ten millions digit of 2740483153?
4
What is the thousands digit of 29242012?
2
What is the units digit of 750362889?
9
What is the units digit of 3702854699?
9
What is the ten thousands digit of 15108499?
0
What is the millions digit of 49188169?
9
What is the units digit of 10666998?
8
What is the ten millions digit of 2607754514?
0
What is the millions digit of 105906197?
5
What is the tens digit of 83049469?
6
What is the hundred thousands digit of 49457951?
4
What is the ten thousands digit of 1002340575?
4
What is the tens digit of 50491643?
4
What is the ten millions digit of 57114955?
5
What is the ten millions digit of 976433478?
7
What is the ten millions digit of 179272536?
7
What is the thousands digit of 315785517?
5
What is the tens digit of 92554878?
7
What is the units digit of 65265278?
8
What is the hundreds digit of 4105672013?
0
What is the tens digit of 22255908?
0
What is the ten thousands digit of 1134001957?
0
What is the ten millions digit of 62531086?
6
What is the tens digit of 25799791?
9
What is the tens digit of 19392613?
1
What is the ten millions digit of 67334406?
6
What is the ten millions digit of 1107343605?
0
What is the ten thousands digit of 61769139?
6
What is the tens digit of 19832581?
8
What is the millions digit of 1769123298?
9
What is the tens digit of 28472269?
6
What is the hundreds digit of 50043989?
9
What is the hundred thousands digit of 192293535?
2
What is the thousands digit of 35921861?
1
What is the thousands digit of 134975287?
5
What is the millions digit of 156522407?
6
What is the ten thousands digit of 794539137?
3
What is the thousands digit of 2824672184?
2
What is the millions digit of 75218293?
5
What is the hundred millions digit of 105858730?
1
What is the units digit of 1035874538?
8
What is the units digit of 34435477?
7
What is the hundred thousands digit of 14266438?
2
What is the ten millions digit of 1305676959?
0
What is the hundred thousands digit of 1098837012?
8
What is the tens digit of 81582122?
2
What is the hundred thousands digit of 25640376?
6
What is the units digit of 209799145?
5
What is the ten thousands digit of 1262924497?
2
What is the hundred thousands digit of 58394245?
3
What is the hundred thousands digit of 4217154473?
1
What is the millions digit of 40163762?
0
What is the hundred millions digit of 597568825?
5
What is the ten thousands digit of 121814777?
1
What is the hundreds digit of 4082519237?
2
What is the hundred millions digit of 1276940910?
2
What is the ten thousands digit of 75069785?
6
What is the hundred millions digit of 511162065?
5
What is the units digit of 38061420?
0
What is the ten millions digit of 5541451441?
4
What is the hundreds digit of 46045316?
3
What is the hundreds digit of 163977686?
6
What is the ten millions digit of 2247207020?
4
What is the ten millions digit of 2118799110?
1
What is the ten millions digit of 6821940955?
2
What is the tens digit of 200109864?
6
What is the thousands digit of 2408172?
8
What is the thousands digit of 7168195?
8
What is the millions digit of 644935689?
4
What is the billions digit of 2555453571?
2
What is the tens digit of 198713455?
5
What is the thousands digit of 15842051?
2
What is the units digit of 589856645?
5
What is the ten thousands digit of 6528552727?
5
What is the tens digit of 5272831?
3
What is the units digit of 1673801989?
9
What is the thousands digit of 689831930?
1
What is the hundred millions digit of 2236481664?
2
What is the units digit of 60400936?
6
What is the tens digit of 34049701?
0
What is the thousands digit of 178058304?
8
What is the hundreds digit of 773920455?
4
What is the ten millions digit of 349061255?
4
What is the millions digit of 24344644?
4
What is the millions digit of 70449458?
0
What is the tens digit of 203750522?
2
What is the ten millions digit of 313535796?
1
What is the tens digit of 474200490?
9
What is the ten millions digit of 10995107?
1
What is the ten thousands digit of 85274687?
7
What is the units digit of 5378027?
7
What is the billions digit of 2640372881?
2
What is the millions digit of 78840621?
8
What is the units digit of 217322650?
0
What is the hundreds digit of 7796932?
9
What is the hundreds digit of 540252?
2
What is the ten millions digit of 98356670?
9
What is the ten thousands digit of 25251570?
5
What is the tens digit of 1829030910?
1
What is the thousands digit of 5083924?
3
What is the millions digit of 24568623?
4
What is the tens digit of 8922739?
3
What is the billions digit of 1306643832?
1
What is the thousands digit of 349118473?
8
What is the millions digit of 186754900?
6
What is the ten millions digit of 54105394?
5
What is the ten thousands digit of 394516313?
1
What is the ten millions digit of 46885706?
4
What is the millions digit of 1608305567?
8
What is the tens digit of 723474553?
5
What is the thousands digit of 2033878054?
8
What is the millions digit of 138291424?
8
What is the units digit of 2447238268?
8
What is the millions digit of 2113376066?
3
What is the units digit of 303526553?
3
What is the hundred thousands digit of 5783142545?
1
What is the hundred millions digit of 2179472849?
1
What is the ten millions digit of 5049211108?
4
What is the billions digit of 3342365152?
3
What is the hundreds digit of 187073764?
7
What is the hundred thousands digit of 269888958?
8
What is the hundreds digit of 354218825?
8
What is the thousands digit of 15664714?
4
What is the ten thousands digit of 179509382?
0
Wha